{"version":"1.0","provider_name":"Espace linguistique","provider_url":"https:\/\/espaidiomes.cat\/fr","author_name":"Espaii_AdminOv","author_url":"https:\/\/espaidiomes.cat\/fr\/author\/espaii_adminov","title":"Estades d'Estiu a Irlanda - Espai Idiomes","type":"rich","width":600,"height":338,"html":"<blockquote class=\"wp-embedded-content\" data-secret=\"wwLrnfqlpt\"><a href=\"https:\/\/espaidiomes.cat\/fr\/estades-destiu-a-irlanda-reunio-informativa\">S\u00e9jours d&#039;\u00e9t\u00e9 en Irlande<\/a><\/blockquote><iframe sandbox=\"allow-scripts\" security=\"restricted\" src=\"https:\/\/espaidiomes.cat\/fr\/estades-destiu-a-irlanda-reunio-informativa\/embed#?secret=wwLrnfqlpt\" width=\"600\" height=\"338\" title=\"\u00ab\u00a0Estades d&#8217;Estiu a Irlanda\u00a0\u00bb &#8212; Espai Idiomes\" data-secret=\"wwLrnfqlpt\" frameborder=\"0\" marginwidth=\"0\" marginheight=\"0\" scrolling=\"no\" class=\"wp-embedded-content\"><\/iframe><script>\n\/*! This file is auto-generated *\/\n!function(d,l){\"use strict\";l.querySelector&&d.addEventListener&&\"undefined\"!=typeof URL&&(d.wp=d.wp||{},d.wp.receiveEmbedMessage||(d.wp.receiveEmbedMessage=function(e){var t=e.data;if((t||t.secret||t.message||t.value)&&!\/[^a-zA-Z0-9]\/.test(t.secret)){for(var s,r,n,a=l.querySelectorAll('iframe[data-secret=\"'+t.secret+'\"]'),o=l.querySelectorAll('blockquote[data-secret=\"'+t.secret+'\"]'),c=new RegExp(\"^https?:$\",\"i\"),i=0;i<o.length;i++)o[i].style.display=\"none\";for(i=0;i<a.length;i++)s=a[i],e.source===s.contentWindow&&(s.removeAttribute(\"style\"),\"height\"===t.message?(1e3<(r=parseInt(t.value,10))?r=1e3:~~r<200&&(r=200),s.height=r):\"link\"===t.message&&(r=new URL(s.getAttribute(\"src\")),n=new URL(t.value),c.test(n.protocol))&&n.host===r.host&&l.activeElement===s&&(d.top.location.href=t.value))}},d.addEventListener(\"message\",d.wp.receiveEmbedMessage,!1),l.addEventListener(\"DOMContentLoaded\",function(){for(var e,t,s=l.querySelectorAll(\"iframe.wp-embedded-content\"),r=0;r<s.length;r++)(t=(e=s[r]).getAttribute(\"data-secret\"))||(t=Math.random().toString(36).substring(2,12),e.src+=\"#?secret=\"+t,e.setAttribute(\"data-secret\",t)),e.contentWindow.postMessage({message:\"ready\",secret:t},\"*\")},!1)))}(window,document);\n\/\/# sourceURL=https:\/\/espaidiomes.cat\/wp-includes\/js\/wp-embed.min.js\n<\/script>","thumbnail_url":"https:\/\/espaidiomes.cat\/wp-content\/uploads\/2025\/03\/Irlanda-2025.jpg","thumbnail_width":944,"thumbnail_height":708,"description":"En Thomas Frahm, director d&#8217;Aston Languages i amic d&#8217;Espai Idiomes des de fa molts anys, es va apropar a l&#8217;acad\u00e8mia per a informar-nos de les estades a l&#8217;estiu a Irlanda i altres programes. Va ser una reuni\u00f3 molt acollidora i les mares de les nostres alumnes van sortir molt contentes. Si no vau poder venir [&hellip;]"}

<blockquote class="wp-embedded-content" data-secret="wwLrnfqlpt"><a href="https://espaidiomes.cat/fr/estades-destiu-a-irlanda-reunio-informativa">Séjours d&#039;été en Irlande</a></blockquote><iframe sandbox="allow-scripts" security="restricted" src="https://espaidiomes.cat/fr/estades-destiu-a-irlanda-reunio-informativa/embed#?secret=wwLrnfqlpt" width="600" height="338" title="« Estades d&#8217;Estiu a Irlanda » &#8212; Espai Idiomes" data-secret="wwLrnfqlpt" frameborder="0" marginwidth="0" marginheight="0" scrolling="no" class="wp-embedded-content"></iframe><script>
/*! This file is auto-generated */
!function(d,l){"use strict";l.querySelector&&d.addEventListener&&"undefined"!=typeof URL&&(d.wp=d.wp||{},d.wp.receiveEmbedMessage||(d.wp.receiveEmbedMessage=function(e){var t=e.data;if((t||t.secret||t.message||t.value)&&!/[^a-zA-Z0-9]/.test(t.secret)){for(var s,r,n,a=l.querySelectorAll('iframe[data-secret="'+t.secret+'"]'),o=l.querySelectorAll('blockquote[data-secret="'+t.secret+'"]'),c=new RegExp("^https?:$","i"),i=0;i<o.length;i++)o[i].style.display="none";for(i=0;i<a.length;i++)s=a[i],e.source===s.contentWindow&&(s.removeAttribute("style"),"height"===t.message?(1e3<(r=parseInt(t.value,10))?r=1e3:~~r<200&&(r=200),s.height=r):"link"===t.message&&(r=new URL(s.getAttribute("src")),n=new URL(t.value),c.test(n.protocol))&&n.host===r.host&&l.activeElement===s&&(d.top.location.href=t.value))}},d.addEventListener("message",d.wp.receiveEmbedMessage,!1),l.addEventListener("DOMContentLoaded",function(){for(var e,t,s=l.querySelectorAll("iframe.wp-embedded-content"),r=0;r<s.length;r++)(t=(e=s[r]).getAttribute("data-secret"))||(t=Math.random().toString(36).substring(2,12),e.src+="#?secret="+t,e.setAttribute("data-secret",t)),e.contentWindow.postMessage({message:"ready",secret:t},"*")},!1)))}(window,document);
//# sourceURL=https://espaidiomes.cat/wp-includes/js/wp-embed.min.js
</script>

En Thomas Frahm, director d&#8217;Aston Languages i amic d&#8217;Espai Idiomes des de fa molts anys, es va apropar a l&#8217;acadèmia per a informar-nos de les estades a l&#8217;estiu a Irlanda i altres programes. Va ser una reunió molt acollidora i les mares de les nostres alumnes van sortir molt contentes. Si no vau poder venir [&hellip;]
